when h is divided by 13.
12
Suppose -10 = -4*l - 6. Suppose 0*g + l = -g, -2*t - g = 29. Let y(s) = s**3 + 13*s**2 - 17*s - 21. Calculate the remainder when y(t) is divided by 11.
10
Let b(u) = -10*u**2 - 2*u - 4. Let o be b(-2). Calculate the remainder when 64 is divided by 4*(-4)/o + 640/25.
12
Suppose 6*n + 69 - 189 = 0. What is the remainder when 903/86*n/6 is divided by 9 - (-2 + (-1 - -3))?
8
Suppose 49*n - 144*n + 1032 = -71*n. Calculate the remainder when 576 is divided by n.
17
Let b = 266 + -273. Calculate the remainder when 326 is divided by (-1)/((-3)/(-123))*14/b.
80
Let c(i) = -i**2 + 16*i + 325. Calculate the remainder when c(13) is divided by 59.
10
Suppose -4*m = 3*y + 6 - 79, 16*y - 5*m - 205 = 0. Calculate the remainder when 1902 is divided by y.
12
Suppose 1228 = 90*x + 328. Calculate the remainder when 9249 is divided by x.
9
Suppose 40*d - 43*d = 5*p - 20, 4*d + 3*p - 45 = 0. Suppose s = -z + 78, 0*s - 5*s = 2*z - 405. What is the remainder when s is divided by d?
8
Suppose 5*k - 3*f - 297 = k, 5*k = -3*f + 351. Suppose 4*w + s - 146 = 0, -3*w + 3*s + 1336 = 1204. Calculate the remainder when k is divided by w.
34
Let t = -27 + 50. Suppose -79 = -22*o + 9. Suppose -o*n + 2*y = -362, 3*n + 2*y = -2*y + 244. Calculate the remainder when n is divided by t.
19
Suppose 114*r = 137*r - 1495. Calculate the remainder when 353 is divided by r.
28
Let d(l) = 12*l**3 + 6*l**2 + 95*l - 417. What is the remainder when d(4) is divided by 817?
10
Let i = 1195 + -1198. Let o(g) = 21*g + 16. Let q(z) = 10*z + 8. Let m(k) = 2*o(k) - 5*q(k). Calculate the remainder when 127 is divided by m(i).
15
Let u(r) = r**3 - 10*r**2 - 10*r - 2. Let c be u(11). What is the remainder when 75 is divided by (-82)/(-6) - (c - (-200)/(-24))?
10
Let i be 1469 + -12 - (3 + 2). Suppose -i*v + 1457*v = 355. Calculate the remainder when 278 is divided by v.
65
Suppose -3*d = 3*c + 294, d - 2 = 3*d. Let j = -64 - c. Suppose -j = r - 129. What is the remainder when r is divided by 14?
12
Let h(w) = -3*w**2 + 86*w - 273. What is the remainder when 197 is divided by h(25)?
1
Let w(s) = -s**2 - 5*s - 2. Let g be w(-4). Suppose -g*b = b - 18. Calculate the remainder when b is divided by ((-43)/(1634/285))/((-3)/2).
1
Suppose -i - 11731 = -2*p, 0 = -2*p - 109*i + 104*i + 11701. What is the remainder when p is divided by 23?
21
Let c = -335 - -363. What is the remainder when 51 is divided by 2/c*-4 + 325/35?
6
Suppose 336 = 1779*i - 1788*i + 2469. What is the remainder when i is divided by ((-48)/20)/((-4)/50)?
27
Suppose -2*s + 3*c = -c - 136, 5*s + 3*c = 314. Let d = 11 - 4. Let p(h) = -h**3 + 7*h**2 + 2*h - 3. What is the remainder when s is divided by p(d)?
9
Let p(t) = 234*t - 369. Suppose -3*b + 56 = 5*q, 7*q + b = 3*q + 42. What is the remainder when p(4) is divided by q?
7
Let n = -925 - -1218. Calculate the remainder when n is divided by 111.
71
Suppose -82*t = -20 - 1374. Suppose 2*s + 58 = 4. Let j = 21 - s. What is the remainder when j is divided by t?
14
Let c = -35 + 51. Let n(a) = -a**3 + 23*a**2 - 27*a + 12. Let m be n(22). Let f = m + 159. What is the remainder when f is divided by c?
13
Let x = 20028 - 19542. Calculate the remainder when x is divided by 59.
14
Let o(q) = q**2 - 36*q - 166. What is the remainder when 185 is divided by o(-5)?
29
Let p = -177 - -253. Calculate the remainder when 1212 is divided by p.
72
Let v = -29 - -34. Let u(t) = t**2 - 5*t + 5. Let o be u(v). Suppose -31 = -q + 4*k, -q - 2*k - o = 3*k. Calculate the remainder when 57 is divided by q.
12
Suppose g + 24 = -7*g. Let i be (g/(-2) + -2)*(-10)/(-5). What is the remainder when (-1 - 0 - i/3)*-39 is divided by 6?
2
Suppose -128*v = -37*v - 3822. Calculate the remainder when 1301 is divided by v.
41
Suppose 12 = -4*r, -2*l + 7*r + 17 = 6*r. Suppose 2*q - 1431 = -l*q. What is the remainder when q is divided by 9?
6
Let j(q) = 7*q - 3. Let t be j(-1). Let a(y) = -4*y - 33. Let n be a(t). Suppose w + 348 = n*w. What is the remainder when w is divided by 12?
10
Suppose 140*v = -127*v + 277*v - 760. What is the remainder when 226 is divided by v?
74
Let p = -29977 + 29983. What is the remainder when 10156 is divided by p?
4
Let k(b) = 2*b**3 - 2*b**2 - 3*b + 6. Calculate the remainder when k(4) is divided by (1936/704)/((-3)/(-24)).
2
Let j(z) be the first derivative of z**4/4 - 10*z**3/3 + 3*z**2 - 2*z + 37. What is the remainder when 115 is divided by j(10)?
57
Let s(v) = 7*v - 19. Let x be 0/2 - (5 - 23). Let n(l) = -11*l - 22. What is the remainder when s(x) is divided by n(-4)?
19
Let l = -10 - -16. Let n(c) = 3*c**2 + 219*c - 337. Calculate the remainder when n(-75) is divided by l.
5
Let x(p) = p - 1. Let h(n) = -3*n + 7. Let j(y) = -h(y) + 4*x(y). What is the remainder when 226 is divided by j(7)?
36
Suppose 5183 = -12*a + 100067. Calculate the remainder when a is divided by 184.
179
Suppose -2*w + c = -2*c - 103, -5*w = -5*c - 250. Suppose -10 = -5*j, -5*m + 7*m - 16 = 2*j. Calculate the remainder when w is divided by ((-4)/m)/((-7)/420).
23
Let l be 10420/(-20) + -6 + 0. Let a = l + 557. What is the remainder when 295 is divided by a?
25
Suppose -5*t + 122 = -118. Let i = 67 - t. What is the remainder when 54 is divided by i?
16
Suppose 4*y - 55 = 65. Let k = -26 + y. Suppose 21 + 41 = 2*u - k*c, -2*u + 34 = 3*c. Calculate the remainder when u is divided by 8.
7
Let g(v) = v**2 - 4*v + 14. Suppose 5*q - 2*q - 27 = 0. Suppose q*c - 36 = 5*c. What is the remainder when g(6) is divided by c?
8
Let u(c) = -45*c**3 + 1261*c**2 - 24*c - 39. Calculate the remainder when 1017 is divided by u(28).
68
Let a(i) = 15 - 198*i + 14*i**2 + i**3 + 212*i + 0*i**2. Calculate the remainder when 7 is divided by a(-13).
1
Let f = 11109 - 10879. What is the remainder when f is divided by 116?
114
Let x(b) = 26*b + 23. Let g(o) = 43*o + 301. Let s be g(-7). Calculate the remainder when (273/9)/((-2)/(-6)) is divided by x(s).
22
Let q(d) = d**2 - 2*d - 17. Let a be q(6). Let p = 10 - 0. Suppose a*n = p*n - 60. Calculate the remainder when 58 is divided by n.
18
Suppose -1864*t + 1828*t + 2736 = 0. Calculate the remainder when 448 is divided by t.
68
Suppose -3*f + 197 = -2*u, 4*f - 59*u + 61*u - 258 = 0. What is the remainder when 10332 is divided by f?
62
What is the remainder when 689 is divided by (0 - 2)*-82*13*16/416?
33
Suppose 3*t = 205 - 25. Suppose 5*h + t = 4*a, h + 44 = 5*a - a. Suppose 6 + a = 4*k. Calculate the remainder when 9 is divided by k.
1
Let w = -84 + -58. Let a = w + 150. What is the remainder when 487 is divided by a?
7
Let k be 19/(19/18) + 3 + 1. Suppose -39*n - k = -40*n. Calculate the remainder when 103 is divided by n.
15
Suppose -5148 - 12692 = -892*r. Let q(d) = -d**3 + 8*d**2 + 3*d - 3. Calculate the remainder when q(8) is divided by r.
1
Suppose 4*l + 5*j - 96 = 0, -56 = -7*l + 3*l + 5*j. Suppose -43 + 329 = 11*z. Suppose 27*i = z*i + 11. Calculate the remainder when l is divided by i.
8
Suppose -47*m + 2546 = -12344 - 4615. What is the remainder when m is divided by 107?
94
Suppose -304 + 1599 = 7*y. Let w be 1*(0 + 10*4). Let a = w + y. Calculate the remainder when a is divided by 38.
35
Suppose 5*p + w - 5 = 7, -p - w = 0. Suppose p*f - 85 = -31. What is the remainder when 48 is divided by f?
12
Suppose -d - x - 121 = -194, -5*x = -5*d + 385. What is the remainder when 375 is divided by d?
0
Let f(g) = 14*g - 96. Let z be f(7). Suppose -3*y + 61 = -5*s, -z*y = -4*y + 5*s + 49. What is the remainder when 23 is divided by y?
11
Let p(h) = -h**3 - 8*h**2 - 2*h - 16. Let d be p(-8). Suppose d = -198*s + 202*s - 40. What is the remainder when 178 is divided by s?
8
Suppose 2071 = -498*c + 607*c. What is the remainder when 2029 is divided by c?
15
Suppose 3*k + 0*k + 3 = 0. Suppose -14*w + 13*w + 14 = 0. Calculate the remainder when 59 is divided by 2 + -1 + w/(0 - k).
14
Let b be 24/(-9)*6/(-4). Suppose p = -b*k - 0*p + 42, -p = 3*k - 31. Calculate the remainder when k is divided by (20/8)/((-1)/(-2)).
1
Suppose 3*o = -5*q - 47 + 267, -44 = -q + 3*o. Calculate the remainder when 1349 is divided by q.
29
Suppose 3*v = -15*v + 1692. Calculate the remainder when 184 is divided by v.
90
Suppose 95 = k + 4*k. Let f = 197 + -187. Calculate the remainder when k is di